)?
4
Suppose 2*y = 4*v + 452, y - 443 = -y - 5*v. What is the hundreds digit of y?
2
Let k(x) = 2*x + 1. Let d be k(1). Suppose -d*o - 18 = 6. Let n = o + 9. What is the units digit of n?
1
Let h(x) = -x**2 + 32*x + 51. What is the hundreds digit of h(16)?
3
Let a be -17 - (0*(-2)/(-10) - 4). Let o be 8/(-3)*54/(-8). Let j = o + a. What is the units digit of j?
5
Suppose 0*b + b = -8. Let u be ((-12)/b)/(2/24). Suppose 3*m - t + 2 = 3, u = -m + 4*t. What is the units digit of m?
2
Let q(n) = n + 12. Let r(m) = -8*m. Let b be r(1). Let f = b - -2. What is the units digit of q(f)?
6
Let j(h) = 11*h + 26. What is the tens digit of j(18)?
2
Let a(r) = 55*r**2 - 2*r + 1. Let n be a(1). Suppose 5*c + 10 = -f + n, 5*c + 5*f = 60. What is the units digit of c?
8
Let g(q) = -7*q**2 - q - 2. Let i be g(-2). What is the units digit of i/21*(-6)/4?
2
Let d be -22*((-45)/(-6) - 0). What is the tens digit of d/(-6)*16/20?
2
Suppose 4*w = 269 - 53. What is the tens digit of w?
5
Let j = -192 - -287. What is the units digit of j?
5
Let r be (-4)/(-6) - (-22)/(-6). Suppose -9*x + 5*x + 12 = 0. What is the units digit of ((-12)/x - r)*-7?
7
Let q be (-27*2 - 0)/(-2). Suppose 14 = 2*k + 4*f, 3*f - f = -5*k + q. What is the units digit of k?
5
Let v = -10 + 13. Suppose 8*p - 80 = v*p. What is the units digit of p?
6
Let i(j) be the third derivative of -j**4/12 - j**3/6 + j**2. Let f be i(-3). Suppose -9 = f*x - 44. What is the units digit of x?
7
Let r(y) be the second derivative of -y**5/20 - 11*y**4/12 - 5*y**3/3 + 7*y**2/2 + 5*y. What is the units digit of r(-10)?
7
Let u(s) = -s**2 - 6*s + 3. Let m be u(6). Let t = -37 - m. What is the units digit of t?
2
Let p = 8 - 8. Let r = p - 4. What is the units digit of (-10)/r*(-6)/(-3)?
5
Let s be 40/6 - 4/6. Suppose -s*b = -2*b. Suppose -5*w + 0*w + 50 = b. What is the tens digit of w?
1
Let d(l) be the third derivative of l**4/3 + l**3/3 - 3*l**2. What is the units digit of d(2)?
8
Suppose 6*f - 84 = 2*f. What is the tens digit of f?
2
What is the units digit of (0 - 43)*3/((-3)/1)?
3
Suppose a = 3*l - 4*a - 76, -4*l - a = -109. Suppose -4*i - 3*p = -6*p - l, -4*p = i - 21. What is the units digit of 21/(-3 - i/(-2))?
4
Suppose 2*t - t - 2 = 0. Let r be 2/t + (8 - 1). Let h = 17 - r. What is the units digit of h?
9
Suppose 25*h = 22*h + 789. What is the tens digit of h?
6
Let a(p) = 2*p + 3. Let l be a(-3). Let n be 1*-1 - (-2 + l). Suppose 5*r - 16 = 2*m - n, 4*r + m - 20 = 0. What is the units digit of r?
4
Let q(o) = 2*o + 4*o**2 + 12*o**3 - o - 5*o**2. What is the tens digit of q(1)?
1
Let k = 9 + -7. Suppose 5*v - k*v - 4 = -a, -a + 5*v = -12. What is the units digit of a?
7
Let v = -96 - -54. Let j = -18 + -19. What is the units digit of 12/v + j/(-7)?
5
Let b = 10 + -9. What is the units digit of b?
1
Let v(a) = -41*a**3 - 1. What is the units digit of v(-1)?
0
What is the units digit of 24/4 - (1 - 0)?
5
Let b = -7 + 8. Let q be -14 + 0 - 0/b. What is the units digit of (q/8 + 1)*-12?
9
Let s be ((-2)/3)/((-4)/174). Let l = -20 + s. What is the units digit of l?
9
Let h(l) = 2*l + 9*l**2 + 0*l - 3*l. Let v be h(-1). Suppose 4*j - 3*z = -4*z + 9, -5*j - v = -3*z. What is the units digit of j?
1
Let h be 21/15 + 6/10. Suppose 7*m - h*m = -30. What is the units digit of m/21 - (-130)/14?
9
Suppose 4*g - 3*m = 829, -5*g - 3*m - 397 = -1413. What is the hundreds digit of g?
2
Suppose 0 = 3*k, -4*f - 2*k = -7*k - 152. Suppose 0 = 3*q - f + 8. Suppose -2*d + 3*d = 3*j + 20, 5*d - q = -3*j. What is the units digit of d?
5
Suppose -2*c = -c - 3. Let j be ((-1)/1)/(c/6). What is the units digit of (j - -8)*(-1)/(-2)?
3
Let a(q) = -4*q + 12. What is the tens digit of a(-7)?
4
Let y = 1 + -4. What is the units digit of -39*(44/(-12) - y)?
6
Let x(o) be the first derivative of o**2/2 + 2*o - 3. Let w be x(3). Suppose 0 = 5*y, -6 = -3*q - w*y - 0*y. What is the units digit of q?
2
Suppose 0*a - 108 = -2*a. Suppose m + a = 4*m. What is the units digit of m?
8
Let h(r) = -14*r + 29. What is the hundreds digit of h(-17)?
2
Let j = 6 + 88. What is the tens digit of j?
9
Let u(q) = -q - 4. Let y be u(-5). What is the units digit of y/(1/(-2)) + 15?
3
Suppose -3*w + 0*w + 12 = 0, 3*s = -w - 95. What is the units digit of (0 - 6/9)*s?
2
Suppose 9*s - 1292 - 1156 = 0. What is the hundreds digit of s?
2
Suppose -2 = 2*n, 4*p = 5*p + 3*n + 1. Suppose 3*c - 7 - p = 0. Suppose -d + c*d = 14. What is the units digit of d?
7
Let z(p) = p**2 - 13*p + 18. Let c be z(13). What is the units digit of (0/1)/(-1) + c?
8
Suppose 2*g - g = -14. Let d = g - -24. What is the tens digit of d?
1
Let y(q) be the first derivative of q**4/4 - 5*q**3/3 + 5*q**2/2 - q + 1. Let r be y(4). What is the units digit of 2*r/2 - 2?
1
Let j(i) = -i**2 - 2*i - 1. Let w be j(-2). Let l = 1 + w. Suppose -2*s - 3 = -3*a - l*a, -3*s - 6 = -5*a. What is the units digit of s?
3
Let a = 73 - 52. Suppose -3*n = -a - 15. Let b = -6 + n. What is the units digit of b?
6
Let u be (-6)/27 - 20/(-9). Suppose 2*h = h + 3. What is the units digit of 1 + u + h + -1?
5
Suppose 46 = 5*c + 11. Suppose -25 + 116 = c*q. What is the units digit of q?
3
Let v = -7 - -11. Let c(m) = -m**2 + 7*m. What is the units digit of c(v)?
2
Let v(x) = -x**3 - 9*x**2 - x - 2. Let n be v(-9). Let s = -19 + n. Let o = s + 21. What is the units digit of o?
9
Suppose 3*h + 2*h = 0, -3*z + 6 = -3*h. Suppose -4*g + 6*g + 4 = -z*l, 26 = 5*l - 4*g. What is the units digit of l?
2
Let g(m) = -m**2 - 10*m + 15. Suppose 9 = -4*w - 35. What is the units digit of g(w)?
4
Suppose -2*v - 8*z - 77 = -3*z, 167 = -4*v + 3*z. Let b = 59 + v. What is the tens digit of b?
1
Let o be 3*2/6 - -59. Suppose -6*u + u + o = 0. What is the tens digit of u?
1
Suppose -15*l - 616 = -26*l. What is the units digit of l?
6
Suppose -64 = -3*p + 2*c, 0 = -5*p + 4*c + 110 - 4. Let m = 31 - p. What is the units digit of m?
9
Suppose 1080 = 5*t - 5*d, 4*t - 2*t + d - 432 = 0. What is the tens digit of t?
1
Let d(v) = v**2 - 7*v - 2. Let f(k) = k**3 - 5*k**2 + k + 2. Let i be f(5). Let a be d(i). Let b = a + 6. What is the units digit of b?
4
Let a = 74 - 24. Suppose 3*i = -2*i + 2*h + a, 5*h = 2*i + 1. What is the tens digit of i?
1
Let x = -28 + 24. What is the tens digit of -46*x/(8/1)?
2
Let g(t) = t. Let s be g(1). Suppose 5*j - z - s - 10 = 0, 0 = -3*j - 2*z + 17. Suppose -3 = -3*i - 9, j*q = 3*i + 54. What is the tens digit of q?
1
Suppose -5*j = 2*y - 476, j - 3*j + 198 = -3*y. Suppose 2*u - 48 = -4*z, -7*u + 2*u - 2*z = -j. What is the units digit of (-3)/(u/(-15))*2?
5
Let i(z) = -z**2 - 7*z - 5. Let k be i(-5). Suppose -2*l = -c + 7, -c - 3*l - k = -l. What is the units digit of c?
1
Suppose 4*c + i + 3*i - 24 = 0, 2*c + 5*i = 21. Suppose -2*y = 6, -c*h + 0*h + 4*y + 45 = 0. What is the tens digit of h?
1
Let a = -3 - -1. Let i(m) = -8*m. What is the units digit of i(a)?
6
Let w = 2 + 9. Let g(m) = -61 + 61 + m. What is the tens digit of g(w)?
1
Let i(n) be the first derivative of n**2 + 3*n + 1. Suppose -3*g - b = -4, -g + 15 = -3*b - 3. What is the units digit of i(g)?
9
Suppose -c = -2*c + 5. Suppose -c*s - 5*h + 140 = 0, 76 = 3*s + h - 0*h. What is the tens digit of s?
2
Suppose w + 0 = 5. Suppose 0 = -w*n - 8 + 238. What is the units digit of n?
6
Let g = 45 - 11. What is the tens digit of g?
3
Let r = 204 - 73. What is the hundreds digit of r?
1
Suppose -m + 3*c - 17 = 0, -2*m = -m + 5*c - 23. Let o be 0 + m + (-10 - -2). Let n = 9 - o. What is the units digit of n?
9
Suppose 5*a = -0 + 20, 4*k + 5*a - 212 = 0. What is the tens digit of k?
4
Let k(v) = v**2 - 48. What is the tens digit of k(14)?
4
Let h = 67 + -13. What is the tens digit of h?
5
Suppose 3*j = -5*f + 166, f - 4 = -f. What is the units digit of j?
2
Let t be 56/(-5)*(-80)/32. Suppose 1 = j + 2, 0 = -s + 3*j + t. What is the units digit of s?
5
Let b(a) = -3*a + 4. Let n(l) = -14*l + 19. Let v(y) = -11*b(y) + 2*n(y). What is the units digit of v(4)?
4
Let h(o) = -o**3 + 7*o**2 - 5*o - 3. Let j = 16 - -5. Suppose 9 - j = -2*u. What is the units digit of h(u)?
3
Let j(u) = u + 1. Let i be j(-7). Let c be 6/2*(-20)/i. Suppose c = -a + 2*a. What is the tens digit of a?
1
Let w(l) be the third derivative of 11*l**5/60 + l**4/24 - 2*l**2. What is the tens